{"id":2699,"date":"2025-07-04T10:39:19","date_gmt":"2025-07-04T16:39:19","guid":{"rendered":"https:\/\/goboxful.com\/el-salvador\/?page_id=2699"},"modified":"2025-07-04T10:42:07","modified_gmt":"2025-07-04T16:42:07","slug":"mensaje-enviado-correctamente","status":"publish","type":"page","link":"https:\/\/goboxful.com\/costa-rica\/mensaje-enviado-correctamente\/","title":{"rendered":"Mensaje enviado correctamente"},"content":{"rendered":"<p>[et_pb_section fb_built=\u00bb1&#8243; _builder_version=\u00bb4.27.4&#8243; _module_preset=\u00bbdefault\u00bb background_video_mp4=\u00bbhttps:\/\/goboxful.com\/el-salvador\/wp-content\/uploads\/sites\/3\/2025\/06\/Hero-Background-1.mp4&#8243; min_height=\u00bb100vh\u00bb background_last_edited=\u00bbon|phone\u00bb background_video_mp4_tablet=\u00bbhttps:\/\/goboxful.com\/el-salvador\/wp-content\/uploads\/sites\/3\/2025\/06\/Hero-Background-movil.mp4&#8243; background_enable_video_mp4_tablet=\u00bbon\u00bb custom_css_main_element=\u00bbdisplay: flex;\u00bb locked=\u00bboff\u00bb global_colors_info=\u00bb{}\u00bb][et_pb_row custom_padding_last_edited=\u00bbon|phone\u00bb _builder_version=\u00bb4.27.4&#8243; _module_preset=\u00bbdefault\u00bb background_color=\u00bbrgba(255,255,255,0.3)\u00bb background_image=\u00bbhttps:\/\/goboxful.com\/wp-content\/uploads\/2025\/07\/4095.svg\u00bb max_width=\u00bb66%\u00bb max_width_tablet=\u00bb80%\u00bb max_width_phone=\u00bb80%\u00bb max_width_last_edited=\u00bbon|desktop\u00bb custom_padding=\u00bb4vw||4vw||true|false\u00bb custom_padding_tablet=\u00bb50px|30px|50px|30px|true|true\u00bb custom_padding_phone=\u00bb30px||30px||true|true\u00bb background_last_edited=\u00bbon|tablet\u00bb background_size_tablet=\u00bbcontain\u00bb background_position_tablet=\u00bbbottom_center\u00bb custom_css_main_element=\u00bbbackdrop-filter: blur(10px);\u00bb border_radii=\u00bbon|10px|10px|10px|10px\u00bb box_shadow_style=\u00bbpreset1&#8243; box_shadow_horizontal=\u00bb2px\u00bb box_shadow_vertical=\u00bb10px\u00bb box_shadow_blur=\u00bb40px\u00bb box_shadow_color=\u00bbrgba(179,179,179,0.25)\u00bb global_colors_info=\u00bb{}\u00bb][et_pb_column type=\u00bb4_4&#8243; _builder_version=\u00bb4.27.4&#8243; _module_preset=\u00bbdefault\u00bb global_colors_info=\u00bb{}\u00bb][et_pb_image src=\u00bbhttps:\/\/goboxful.com\/wp-content\/uploads\/2025\/07\/4094.svg\u00bb title_text=\u00bb4094&#8243; _builder_version=\u00bb4.27.4&#8243; _module_preset=\u00bbdefault\u00bb width=\u00bb6vw\u00bb width_tablet=\u00bb85px\u00bb width_phone=\u00bb85px\u00bb width_last_edited=\u00bbon|tablet\u00bb module_alignment=\u00bbcenter\u00bb global_colors_info=\u00bb{}\u00bb][\/et_pb_image][et_pb_heading title=\u00bbHemos recibido tu informaci\u00f3n\u00bb _builder_version=\u00bb4.27.4&#8243; _module_preset=\u00bbdefault\u00bb title_level=\u00bbh2&#8243; title_font=\u00bb|700|||||||\u00bb title_text_align=\u00bbcenter\u00bb max_width=\u00bb60%\u00bb max_width_tablet=\u00bb60%\u00bb max_width_phone=\u00bb100%\u00bb max_width_last_edited=\u00bbon|phone\u00bb module_alignment=\u00bbcenter\u00bb global_colors_info=\u00bb{}\u00bb][\/et_pb_heading][et_pb_heading title=\u00bbPronto una persona de nuestro equipo se contactar\u00e1 contigo para brindarte m\u00e1s informaci\u00f3n.\u00bb _builder_version=\u00bb4.27.4&#8243; _module_preset=\u00bbdefault\u00bb title_level=\u00bbh6&#8243; title_text_align=\u00bbcenter\u00bb max_width=\u00bb50%\u00bb max_width_tablet=\u00bb100%\u00bb max_width_phone=\u00bb100%\u00bb max_width_last_edited=\u00bbon|desktop\u00bb module_alignment=\u00bbcenter\u00bb global_colors_info=\u00bb{}\u00bb][\/et_pb_heading][et_pb_text module_class=\u00bbcustom-button\u00bb _builder_version=\u00bb4.27.4&#8243; _dynamic_attributes=\u00bblink_option_url\u00bb _module_preset=\u00bbdefault\u00bb background_color=\u00bb#000000&#8243; background_layout=\u00bbdark\u00bb custom_margin=\u00bb|auto||auto|false|true\u00bb custom_padding=\u00bb1.15vw|2vw|1.15vw|2vw|true|true\u00bb custom_padding_tablet=\u00bb15px|30px|15px|30px|true|true\u00bb custom_padding_phone=\u00bb15px|30px|15px|30px|true|true\u00bb custom_padding_last_edited=\u00bbon|tablet\u00bb link_option_url=\u00bb@ET-DC@eyJkeW5hbWljIjp0cnVlLCJjb250ZW50IjoiaG9tZV91cmwiLCJzZXR0aW5ncyI6e319@\u00bb hover_enabled=\u00bb0&#8243; custom_css_main_element=\u00bbwidth: fit-content;\u00bb border_radii=\u00bbon|7px|7px|7px|7px\u00bb locked=\u00bboff\u00bb global_colors_info=\u00bb{}\u00bb sticky_enabled=\u00bb0&#8243;]<\/p>\n<p><span><strong>Volver al inicio<\/strong><\/span><\/p>\n<p>[\/et_pb_text][et_pb_code _builder_version=\u00bb4.27.4&#8243; _module_preset=\u00bbdefault\u00bb global_colors_info=\u00bb{}\u00bb]<script><!-- [et_pb_line_break_holder] -->    fbq('track', 'Lead');<!-- [et_pb_line_break_holder] -->  <\/script>[\/et_pb_code][\/et_pb_column][\/et_pb_row][\/et_pb_section]<\/p>\n","protected":false},"excerpt":{"rendered":"<p>Volver al inicio<\/p>\n","protected":false},"author":2,"featured_media":0,"parent":0,"menu_order":0,"comment_status":"closed","ping_status":"closed","template":"","meta":{"_et_pb_use_builder":"on","_et_pb_old_content":"","_et_gb_content_width":"","footnotes":""},"difl_page_category":[],"class_list":["post-2699","page","type-page","status-publish","hentry"],"yoast_head":"<!-- This site is optimized with the Yoast SEO plugin v25.1 - https:\/\/yoast.com\/wordpress\/plugins\/seo\/ -->\n<title>Mensaje enviado correctamente - boxful Costa Rica<\/title>\n<meta name=\"robots\" content=\"index, follow, max-snippet:-1, max-image-preview:large, max-video-preview:-1\" \/>\n<link rel=\"canonical\" href=\"https:\/\/goboxful.com\/costa-rica\/mensaje-enviado-correctamente\/\" \/>\n<meta property=\"og:locale\" content=\"es_ES\" \/>\n<meta property=\"og:type\" content=\"article\" \/>\n<meta property=\"og:title\" content=\"Mensaje enviado correctamente - boxful Costa Rica\" \/>\n<meta property=\"og:description\" content=\"Volver al inicio\" \/>\n<meta property=\"og:url\" content=\"https:\/\/goboxful.com\/costa-rica\/mensaje-enviado-correctamente\/\" \/>\n<meta property=\"og:site_name\" content=\"boxful Costa Rica\" \/>\n<meta property=\"article:modified_time\" content=\"2025-07-04T16:42:07+00:00\" \/>\n<meta property=\"og:image\" content=\"https:\/\/goboxful.com\/costa-rica\/wp-content\/uploads\/sites\/6\/2025\/07\/Opengraph-Boxful-2025-2-1.jpg\" \/>\n\t<meta property=\"og:image:width\" content=\"1920\" \/>\n\t<meta property=\"og:image:height\" content=\"1008\" \/>\n\t<meta property=\"og:image:type\" content=\"image\/jpeg\" \/>\n<meta name=\"twitter:card\" content=\"summary_large_image\" \/>\n<meta name=\"twitter:label1\" content=\"Tiempo de lectura\" \/>\n\t<meta name=\"twitter:data1\" content=\"1 minuto\" \/>\n<script type=\"application\/ld+json\" class=\"yoast-schema-graph\">{\"@context\":\"https:\/\/schema.org\",\"@graph\":[{\"@type\":\"WebPage\",\"@id\":\"https:\/\/goboxful.com\/costa-rica\/mensaje-enviado-correctamente\/\",\"url\":\"https:\/\/goboxful.com\/costa-rica\/mensaje-enviado-correctamente\/\",\"name\":\"Mensaje enviado correctamente - boxful Costa Rica\",\"isPartOf\":{\"@id\":\"https:\/\/goboxful.com\/costa-rica\/#website\"},\"datePublished\":\"2025-07-04T16:39:19+00:00\",\"dateModified\":\"2025-07-04T16:42:07+00:00\",\"breadcrumb\":{\"@id\":\"https:\/\/goboxful.com\/costa-rica\/mensaje-enviado-correctamente\/#breadcrumb\"},\"inLanguage\":\"es\",\"potentialAction\":[{\"@type\":\"ReadAction\",\"target\":[\"https:\/\/goboxful.com\/costa-rica\/mensaje-enviado-correctamente\/\"]}]},{\"@type\":\"BreadcrumbList\",\"@id\":\"https:\/\/goboxful.com\/costa-rica\/mensaje-enviado-correctamente\/#breadcrumb\",\"itemListElement\":[{\"@type\":\"ListItem\",\"position\":1,\"name\":\"Portada\",\"item\":\"https:\/\/goboxful.com\/costa-rica\/\"},{\"@type\":\"ListItem\",\"position\":2,\"name\":\"Mensaje enviado correctamente\"}]},{\"@type\":\"WebSite\",\"@id\":\"https:\/\/goboxful.com\/costa-rica\/#website\",\"url\":\"https:\/\/goboxful.com\/costa-rica\/\",\"name\":\"boxful Costa Rica\",\"description\":\"Hacemos el  e-commerce accesible para todos\",\"potentialAction\":[{\"@type\":\"SearchAction\",\"target\":{\"@type\":\"EntryPoint\",\"urlTemplate\":\"https:\/\/goboxful.com\/costa-rica\/?s={search_term_string}\"},\"query-input\":{\"@type\":\"PropertyValueSpecification\",\"valueRequired\":true,\"valueName\":\"search_term_string\"}}],\"inLanguage\":\"es\"}]}<\/script>\n<!-- \/ Yoast SEO plugin. -->","yoast_head_json":{"title":"Mensaje enviado correctamente - boxful Costa Rica","robots":{"index":"index","follow":"follow","max-snippet":"max-snippet:-1","max-image-preview":"max-image-preview:large","max-video-preview":"max-video-preview:-1"},"canonical":"https:\/\/goboxful.com\/costa-rica\/mensaje-enviado-correctamente\/","og_locale":"es_ES","og_type":"article","og_title":"Mensaje enviado correctamente - boxful Costa Rica","og_description":"Volver al inicio","og_url":"https:\/\/goboxful.com\/costa-rica\/mensaje-enviado-correctamente\/","og_site_name":"boxful Costa Rica","article_modified_time":"2025-07-04T16:42:07+00:00","og_image":[{"width":1920,"height":1008,"url":"https:\/\/goboxful.com\/costa-rica\/wp-content\/uploads\/sites\/6\/2025\/07\/Opengraph-Boxful-2025-2-1.jpg","type":"image\/jpeg"}],"twitter_card":"summary_large_image","twitter_misc":{"Tiempo de lectura":"1 minuto"},"schema":{"@context":"https:\/\/schema.org","@graph":[{"@type":"WebPage","@id":"https:\/\/goboxful.com\/costa-rica\/mensaje-enviado-correctamente\/","url":"https:\/\/goboxful.com\/costa-rica\/mensaje-enviado-correctamente\/","name":"Mensaje enviado correctamente - boxful Costa Rica","isPartOf":{"@id":"https:\/\/goboxful.com\/costa-rica\/#website"},"datePublished":"2025-07-04T16:39:19+00:00","dateModified":"2025-07-04T16:42:07+00:00","breadcrumb":{"@id":"https:\/\/goboxful.com\/costa-rica\/mensaje-enviado-correctamente\/#breadcrumb"},"inLanguage":"es","potentialAction":[{"@type":"ReadAction","target":["https:\/\/goboxful.com\/costa-rica\/mensaje-enviado-correctamente\/"]}]},{"@type":"BreadcrumbList","@id":"https:\/\/goboxful.com\/costa-rica\/mensaje-enviado-correctamente\/#breadcrumb","itemListElement":[{"@type":"ListItem","position":1,"name":"Portada","item":"https:\/\/goboxful.com\/costa-rica\/"},{"@type":"ListItem","position":2,"name":"Mensaje enviado correctamente"}]},{"@type":"WebSite","@id":"https:\/\/goboxful.com\/costa-rica\/#website","url":"https:\/\/goboxful.com\/costa-rica\/","name":"boxful Costa Rica","description":"Hacemos el  e-commerce accesible para todos","potentialAction":[{"@type":"SearchAction","target":{"@type":"EntryPoint","urlTemplate":"https:\/\/goboxful.com\/costa-rica\/?s={search_term_string}"},"query-input":{"@type":"PropertyValueSpecification","valueRequired":true,"valueName":"search_term_string"}}],"inLanguage":"es"}]}},"_links":{"self":[{"href":"https:\/\/goboxful.com\/costa-rica\/wp-json\/wp\/v2\/pages\/2699","targetHints":{"allow":["GET"]}}],"collection":[{"href":"https:\/\/goboxful.com\/costa-rica\/wp-json\/wp\/v2\/pages"}],"about":[{"href":"https:\/\/goboxful.com\/costa-rica\/wp-json\/wp\/v2\/types\/page"}],"author":[{"embeddable":true,"href":"https:\/\/goboxful.com\/costa-rica\/wp-json\/wp\/v2\/users\/2"}],"replies":[{"embeddable":true,"href":"https:\/\/goboxful.com\/costa-rica\/wp-json\/wp\/v2\/comments?post=2699"}],"version-history":[{"count":3,"href":"https:\/\/goboxful.com\/costa-rica\/wp-json\/wp\/v2\/pages\/2699\/revisions"}],"predecessor-version":[{"id":2703,"href":"https:\/\/goboxful.com\/costa-rica\/wp-json\/wp\/v2\/pages\/2699\/revisions\/2703"}],"wp:attachment":[{"href":"https:\/\/goboxful.com\/costa-rica\/wp-json\/wp\/v2\/media?parent=2699"}],"wp:term":[{"taxonomy":"difl_page_category","embeddable":true,"href":"https:\/\/goboxful.com\/costa-rica\/wp-json\/wp\/v2\/difl_page_category?post=2699"}],"curies":[{"name":"wp","href":"https:\/\/api.w.org\/{rel}","templated":true}]}}