{"id":1240,"date":"2025-04-30T14:20:46","date_gmt":"2025-04-30T20:20:46","guid":{"rendered":"https:\/\/goboxful.com\/el-salvador\/?page_id=1240"},"modified":"2025-07-02T17:25:10","modified_gmt":"2025-07-02T23:25:10","slug":"contactanos","status":"publish","type":"page","link":"https:\/\/goboxful.com\/guatemala\/contactanos\/","title":{"rendered":"Cont\u00e1ctanos"},"content":{"rendered":"<p>[et_pb_section fb_built=\u00bb1&#8243; _builder_version=\u00bb4.27.3&#8243; _module_preset=\u00bbdefault\u00bb background_image=\u00bbhttps:\/\/goboxful.com\/wp-content\/uploads\/sites\/5\/2025\/04\/2460.webp\u00bb background_position=\u00bbtop_left\u00bb background_enable_video_mp4=\u00bboff\u00bb saved_tabs=\u00bball\u00bb locked=\u00bboff\u00bb global_colors_info=\u00bb{}\u00bb][et_pb_row column_structure=\u00bb1_2,1_2&#8243; use_custom_gutter=\u00bbon\u00bb gutter_width=\u00bb1&#8243; custom_padding_last_edited=\u00bbon|tablet\u00bb module_class=\u00bbdejar-espacio-para-el-menu\u00bb _builder_version=\u00bb4.27.3&#8243; _module_preset=\u00bbdefault\u00bb width=\u00bb100%\u00bb max_width=\u00bb100%\u00bb max_width_tablet=\u00bb80%\u00bb max_width_phone=\u00bb80%\u00bb max_width_last_edited=\u00bbon|tablet\u00bb custom_padding=\u00bb|10vw|||false|false\u00bb custom_padding_tablet=\u00bb|0px|||false|false\u00bb custom_padding_phone=\u00bb|0px|||false|false\u00bb global_colors_info=\u00bb{}\u00bb][et_pb_column type=\u00bb1_2&#8243; _builder_version=\u00bb4.27.3&#8243; _module_preset=\u00bbdefault\u00bb global_colors_info=\u00bb{}\u00bb][et_pb_heading title=\u00bb@ET-DC@eyJkeW5hbWljIjp0cnVlLCJjb250ZW50IjoicG9zdF90aXRsZSIsInNldHRpbmdzIjp7ImJlZm9yZSI6IiIsImFmdGVyIjoiIn19@\u00bb _builder_version=\u00bb4.27.3&#8243; _dynamic_attributes=\u00bbtitle\u00bb _module_preset=\u00bbdefault\u00bb title_font=\u00bb|700|||||||\u00bb custom_padding=\u00bb|40px||10vw|false|false\u00bb custom_padding_tablet=\u00bb|0px||0px|false|true\u00bb custom_padding_phone=\u00bb|0px||0px|false|true\u00bb custom_padding_last_edited=\u00bbon|tablet\u00bb global_colors_info=\u00bb{}\u00bb][\/et_pb_heading][et_pb_text _builder_version=\u00bb4.27.3&#8243; _module_preset=\u00bbdefault\u00bb text_font=\u00bb&#8211;et_global_body_font|500|||||||\u00bb text_text_color=\u00bbgcid-heading-color\u00bb custom_margin=\u00bb40px||40px||true|false\u00bb custom_padding=\u00bb|40px||10vw|false|false\u00bb custom_padding_tablet=\u00bb|0px||0px|false|true\u00bb custom_padding_phone=\u00bb|0px||0px|false|true\u00bb custom_padding_last_edited=\u00bbon|tablet\u00bb global_colors_info=\u00bb{%22gcid-heading-color%22:%91%22text_text_color%22%93}\u00bb]<\/p>\n<p>Completa el formulario, nuestro equipo est\u00e1 listo para atenderte.<\/p>\n<p>[\/et_pb_text][difl_iconlist list_item_content_max_width=\u00bb100%\u00bb list_item_image_width=\u00bb1.1vw\u00bb list_item_image_height=\u00bb1.1vw\u00bb list_item_title_padding=\u00bb||||false|false\u00bb list_item_content_padding=\u00bb0px||0px||true|false\u00bb list_item_image_width_tablet=\u00bb17px\u00bb list_item_image_width_phone=\u00bb17px\u00bb list_item_image_width_last_edited=\u00bbon|tablet\u00bb list_item_image_height_tablet=\u00bb17px\u00bb list_item_image_height_phone=\u00bb17px\u00bb list_item_image_height_last_edited=\u00bbon|tablet\u00bb _builder_version=\u00bb4.27.4&#8243; _module_preset=\u00bbdefault\u00bb child_content_text_text_color=\u00bbgcid-heading-color\u00bb custom_margin=\u00bb||40px||false|false\u00bb custom_padding=\u00bb|40px||10vw|false|false\u00bb custom_padding_tablet=\u00bb|0px||0px|false|true\u00bb custom_padding_phone=\u00bb|0px||0px|false|true\u00bb custom_padding_last_edited=\u00bbon|desktop\u00bb border_width_top_child_image_icon=\u00bb0.3vw\u00bb border_color_top_child_image_icon=\u00bbRGBA(255,255,255,0)\u00bb border_width_top_child_image_icon_tablet=\u00bb7px\u00bb border_width_top_child_image_icon_phone=\u00bb7px\u00bb border_width_top_child_image_icon_last_edited=\u00bbon|tablet\u00bb global_colors_info=\u00bb{%22gcid-heading-color%22:%91%22text_text_color%22,%22child_content_text_text_color%22%93}\u00bb][difl_iconlistitem list_item_icon_type=\u00bbimage\u00bb list_item_image=\u00bbhttps:\/\/goboxful.com\/el-salvador\/wp-content\/uploads\/sites\/3\/2025\/05\/2737.svg\u00bb _builder_version=\u00bb4.27.4&#8243; global_colors_info=\u00bb{}\u00bb]<\/p>\n<p>Diagonal 6 11-97 zona 10 centro \u00ednter-naciones nivel 1 oficina 103.<\/p>\n<p>[\/difl_iconlistitem][difl_iconlistitem list_item_icon_type=\u00bbimage\u00bb list_item_image=\u00bbhttps:\/\/goboxful.com\/wp-content\/uploads\/sites\/5\/2025\/04\/2503.svg\u00bb _builder_version=\u00bb4.27.4&#8243; global_colors_info=\u00bb{}\u00bb]<\/p>\n<p>+502 4394 1023<\/p>\n<p>[\/difl_iconlistitem][difl_iconlistitem list_item_icon_type=\u00bbimage\u00bb list_item_image=\u00bbhttps:\/\/goboxful.com\/wp-content\/uploads\/sites\/5\/2025\/04\/2504.svg\u00bb _builder_version=\u00bb4.27.3&#8243; global_colors_info=\u00bb{}\u00bb]<\/p>\n<p>info@goboxful.com<\/p>\n<p>[\/difl_iconlistitem][\/difl_iconlist][et_pb_image src=\u00bbhttps:\/\/goboxful.com\/wp-content\/uploads\/sites\/5\/2025\/04\/2506.svg\u00bb title_text=\u00bb2506&#8243; disabled_on=\u00bbon|on|off\u00bb _builder_version=\u00bb4.27.3&#8243; _module_preset=\u00bbdefault\u00bb global_colors_info=\u00bb{}\u00bb][\/et_pb_image][\/et_pb_column][et_pb_column type=\u00bb1_2&#8243; _builder_version=\u00bb4.27.3&#8243; _module_preset=\u00bbdefault\u00bb background_color=\u00bb#FFFFFF\u00bb custom_padding=\u00bb40px|40px|0px|40px|false|true\u00bb custom_padding_last_edited=\u00bboff|desktop\u00bb border_radii=\u00bbon|10px|10px|10px|10px\u00bb border_width_all=\u00bb1px\u00bb border_color_all=\u00bb#e6e9ee\u00bb global_colors_info=\u00bb{}\u00bb custom_css_main_element_last_edited=\u00bboff|tablet\u00bb][et_pb_text _builder_version=\u00bb4.27.3&#8243; _module_preset=\u00bbdefault\u00bb text_orientation=\u00bbcenter\u00bb global_colors_info=\u00bb{}\u00bb]<\/p>\n<h5><strong>Completa el siguiente formulario<\/strong><\/h5>\n<p>[\/et_pb_text][et_pb_text _builder_version=\u00bb4.27.3&#8243; _module_preset=\u00bbdefault\u00bb text_orientation=\u00bbcenter\u00bb custom_margin=\u00bb7px||25px||false|false\u00bb global_colors_info=\u00bb{}\u00bb]<\/p>\n<p>Reg\u00edstrate y comienza a <strong>transformar<\/strong> tu negocio con <strong>boxful<\/strong><\/p>\n<p>[\/et_pb_text][et_pb_divider color=\u00bb#e6e9ee\u00bb _builder_version=\u00bb4.27.4&#8243; _module_preset=\u00bbdefault\u00bb custom_margin=\u00bb||0px||false|false\u00bb hover_enabled=\u00bb0&#8243; global_colors_info=\u00bb{}\u00bb sticky_enabled=\u00bb0&#8243;][\/et_pb_divider][et_pb_code _builder_version=\u00bb4.27.4&#8243; _module_preset=\u00bbdefault\u00bb custom_margin=\u00bb|-40px||-40px|false|true\u00bb hover_enabled=\u00bb0&#8243; global_colors_info=\u00bb{}\u00bb sticky_enabled=\u00bb0&#8243;]<script src=\"https:\/\/js.hsforms.net\/forms\/embed\/43985238.js\" defer><\/script><!-- [et_pb_line_break_holder] --><\/p>\n<div class=\"hs-form-frame\" data-region=\"na1\" data-form-id=\"15e1d764-c219-49cd-9d7e-862c916cfbd0\" data-portal-id=\"43985238\"><\/div>\n<p>[\/et_pb_code][\/et_pb_column][\/et_pb_row][\/et_pb_section][et_pb_section fb_built=\u00bb1&#8243; fullwidth=\u00bbon\u00bb _builder_version=\u00bb4.27.3&#8243; _module_preset=\u00bbdefault\u00bb global_colors_info=\u00bb{}\u00bb][et_pb_fullwidth_code _builder_version=\u00bb4.27.3&#8243; _module_preset=\u00bbdefault\u00bb global_colors_info=\u00bb{}\u00bb]<iframe src=\"https:\/\/www.google.com\/maps\/embed?pb=!1m18!1m12!1m3!1d3876.5564242419337!2d-89.22155454408325!3d13.684715075059303!2m3!1f0!2f0!3f0!3m2!1i1024!2i768!4f13.1!3m3!1m2!1s0x8f6331f2afa8320f%3A0xa14b3d8082c79d28!2sBoxful%20Fulfillment!5e0!3m2!1ses-419!2ssv!4v1746046527015!5m2!1ses-419!2ssv\" width=\"100%\" height=\"600\" style=\"border:0;\" allowfullscreen=\"\" loading=\"lazy\" referrerpolicy=\"no-referrer-when-downgrade\"><\/iframe>[\/et_pb_fullwidth_code][\/et_pb_section]<\/p>\n","protected":false},"excerpt":{"rendered":"<p>Completa el formulario, nuestro equipo est\u00e1 listo para atenderte.<div class=\"et_pb_with_border et_pb_module difl_iconlist difl_iconlist_0\">\n\t\t\t\t\n\t\t\t\t\n\t\t\t\t\n\t\t\t\t\n\t\t\t\t\n\t\t\t\t\n\t\t\t\t<div class=\"et_pb_module_inner\">\n\t\t\t\t\t<div class=\"difl_iconlist_notice\">Add one or more list items.<\/div>\n\t\t\t\t<\/div>\n\t\t\t<\/div><li class=\"et_pb_module difl_iconlistitem difl_iconlistitem_0\">\r\n\t\t\t\t\r\n\t\t\t\t\r\n\t\t\t\t\r\n\t\t\t\t\r\n\t\t\t\t\r\n\t\t\t\t\r\n\t\t\t\t<div class=\"et_pb_module_inner\">\r\n\t\t\t\t\t<span class=\"item-elements et_pb_with_background\">\r\n                    <span class=\"item-elements-group\"><span class=\"difl_icon_item_container\"><span class=\"difl_icon_item_icon_wrapper\"><span class=\"icon-element\"><img decoding=\"async\" src=\"https:\/\/goboxful.com\/el-salvador\/wp-content\/uploads\/sites\/3\/2025\/05\/2737.svg\" alt=\"\" class=\"et_pb_image_wrap wp-image-2319\" \/><\/span><\/span> <span class=\"difl_icon_item_content_wrapper\"><span class=\"difl_icon_item_body et_pb_with_background\">Diagonal 6 11-97 zona 10 centro \u00ednter-naciones nivel 1 oficina 103.<\/span><\/span><\/span><\/span>\r\n                    <span class=\"item-tooltip-data\" style=\"display:none\"><\/span>\r\n                <\/span>\r\n\t\t\t\t<\/div>\r\n\t\t\t<\/li><li class=\"et_pb_module difl_iconlistitem difl_iconlistitem_1\">\r\n\t\t\t\t\r\n\t\t\t\t\r\n\t\t\t\t\r\n\t\t\t\t\r\n\t\t\t\t\r\n\t\t\t\t\r\n\t\t\t\t<div class=\"et_pb_module_inner\">\r\n\t\t\t\t\t<span class=\"item-elements et_pb_with_background\">\r\n                    <span class=\"item-elements-group\"><span class=\"difl_icon_item_container\"><span class=\"difl_icon_item_icon_wrapper\"><span class=\"icon-element\"><img decoding=\"async\" src=\"https:\/\/goboxful.com\/wp-content\/uploads\/sites\/5\/2025\/04\/2503.svg\" alt=\"\" class=\"et_pb_image_wrap wp-image-1248\" \/><\/span><\/span> <span class=\"difl_icon_item_content_wrapper\"><span class=\"difl_icon_item_body et_pb_with_background\">+502 4394 1023<\/span><\/span><\/span><\/span>\r\n                    <span class=\"item-tooltip-data\" style=\"display:none\"><\/span>\r\n                <\/span>\r\n\t\t\t\t<\/div>\r\n\t\t\t<\/li><li class=\"et_pb_module difl_iconlistitem difl_iconlistitem_2\">\r\n\t\t\t\t\r\n\t\t\t\t\r\n\t\t\t\t\r\n\t\t\t\t\r\n\t\t\t\t\r\n\t\t\t\t\r\n\t\t\t\t<div class=\"et_pb_module_inner\">\r\n\t\t\t\t\t<span class=\"item-elements et_pb_with_background\">\r\n                    <span class=\"item-elements-group\"><span class=\"difl_icon_item_container\"> <span class=\"difl_icon_item_content_wrapper\"><\/span><\/span><\/span>\r\n                    <span class=\"item-tooltip-data\" style=\"display:none\"><\/span>\r\n                <\/span>\r\n\t\t\t\t<\/div>\r\n\t\t\t<\/li><\/p>\n","protected":false},"author":2,"featured_media":0,"parent":0,"menu_order":0,"comment_status":"closed","ping_status":"closed","template":"","meta":{"_et_pb_use_builder":"on","_et_pb_old_content":"","_et_gb_content_width":"","footnotes":""},"difl_page_category":[],"class_list":["post-1240","page","type-page","status-publish","hentry"],"yoast_head":"<!-- This site is optimized with the Yoast SEO plugin v25.1 - https:\/\/yoast.com\/wordpress\/plugins\/seo\/ -->\n<title>Cont\u00e1ctanos - boxful Guatemala<\/title>\n<meta name=\"description\" content=\"Cont\u00e1ctanos. Completa el formulario, nuestro equipo est\u00e1 listo para atenderte. Reg\u00edstrate y comienza a transformar tu negocio con boxful.\" \/>\n<meta name=\"robots\" content=\"index, follow, max-snippet:-1, max-image-preview:large, max-video-preview:-1\" \/>\n<link rel=\"canonical\" href=\"https:\/\/goboxful.com\/guatemala\/contactanos\/\" \/>\n<meta property=\"og:locale\" content=\"es_ES\" \/>\n<meta property=\"og:type\" content=\"article\" \/>\n<meta property=\"og:title\" content=\"Cont\u00e1ctanos - boxful Guatemala\" \/>\n<meta property=\"og:description\" content=\"Cont\u00e1ctanos. Completa el formulario, nuestro equipo est\u00e1 listo para atenderte. Reg\u00edstrate y comienza a transformar tu negocio con boxful.\" \/>\n<meta property=\"og:url\" content=\"https:\/\/goboxful.com\/guatemala\/contactanos\/\" \/>\n<meta property=\"og:site_name\" content=\"boxful Guatemala\" \/>\n<meta property=\"article:modified_time\" content=\"2025-07-02T23:25:10+00:00\" \/>\n<meta property=\"og:image\" content=\"https:\/\/goboxful.com\/guatemala\/wp-content\/uploads\/sites\/5\/2025\/07\/Opengraph-Boxful-2025-2-1.jpg\" \/>\n\t<meta property=\"og:image:width\" content=\"1920\" \/>\n\t<meta property=\"og:image:height\" content=\"1008\" \/>\n\t<meta property=\"og:image:type\" content=\"image\/jpeg\" \/>\n<meta name=\"twitter:card\" content=\"summary_large_image\" \/>\n<meta name=\"twitter:label1\" content=\"Tiempo de lectura\" \/>\n\t<meta name=\"twitter:data1\" content=\"1 minuto\" \/>\n<script type=\"application\/ld+json\" class=\"yoast-schema-graph\">{\"@context\":\"https:\/\/schema.org\",\"@graph\":[{\"@type\":\"WebPage\",\"@id\":\"https:\/\/goboxful.com\/guatemala\/contactanos\/\",\"url\":\"https:\/\/goboxful.com\/guatemala\/contactanos\/\",\"name\":\"Cont\u00e1ctanos - boxful Guatemala\",\"isPartOf\":{\"@id\":\"https:\/\/goboxful.com\/guatemala\/#website\"},\"datePublished\":\"2025-04-30T20:20:46+00:00\",\"dateModified\":\"2025-07-02T23:25:10+00:00\",\"description\":\"Cont\u00e1ctanos. Completa el formulario, nuestro equipo est\u00e1 listo para atenderte. Reg\u00edstrate y comienza a transformar tu negocio con boxful.\",\"breadcrumb\":{\"@id\":\"https:\/\/goboxful.com\/guatemala\/contactanos\/#breadcrumb\"},\"inLanguage\":\"es\",\"potentialAction\":[{\"@type\":\"ReadAction\",\"target\":[\"https:\/\/goboxful.com\/guatemala\/contactanos\/\"]}]},{\"@type\":\"BreadcrumbList\",\"@id\":\"https:\/\/goboxful.com\/guatemala\/contactanos\/#breadcrumb\",\"itemListElement\":[{\"@type\":\"ListItem\",\"position\":1,\"name\":\"Portada\",\"item\":\"https:\/\/goboxful.com\/guatemala\/\"},{\"@type\":\"ListItem\",\"position\":2,\"name\":\"Cont\u00e1ctanos\"}]},{\"@type\":\"WebSite\",\"@id\":\"https:\/\/goboxful.com\/guatemala\/#website\",\"url\":\"https:\/\/goboxful.com\/guatemala\/\",\"name\":\"boxful Guatemala\",\"description\":\"Hacemos el  e-commerce accesible para todos\",\"potentialAction\":[{\"@type\":\"SearchAction\",\"target\":{\"@type\":\"EntryPoint\",\"urlTemplate\":\"https:\/\/goboxful.com\/guatemala\/?s={search_term_string}\"},\"query-input\":{\"@type\":\"PropertyValueSpecification\",\"valueRequired\":true,\"valueName\":\"search_term_string\"}}],\"inLanguage\":\"es\"}]}<\/script>\n<!-- \/ Yoast SEO plugin. -->","yoast_head_json":{"title":"Cont\u00e1ctanos - boxful Guatemala","description":"Cont\u00e1ctanos. Completa el formulario, nuestro equipo est\u00e1 listo para atenderte. Reg\u00edstrate y comienza a transformar tu negocio con boxful.","robots":{"index":"index","follow":"follow","max-snippet":"max-snippet:-1","max-image-preview":"max-image-preview:large","max-video-preview":"max-video-preview:-1"},"canonical":"https:\/\/goboxful.com\/guatemala\/contactanos\/","og_locale":"es_ES","og_type":"article","og_title":"Cont\u00e1ctanos - boxful Guatemala","og_description":"Cont\u00e1ctanos. Completa el formulario, nuestro equipo est\u00e1 listo para atenderte. Reg\u00edstrate y comienza a transformar tu negocio con boxful.","og_url":"https:\/\/goboxful.com\/guatemala\/contactanos\/","og_site_name":"boxful Guatemala","article_modified_time":"2025-07-02T23:25:10+00:00","og_image":[{"width":1920,"height":1008,"url":"https:\/\/goboxful.com\/guatemala\/wp-content\/uploads\/sites\/5\/2025\/07\/Opengraph-Boxful-2025-2-1.jpg","type":"image\/jpeg"}],"twitter_card":"summary_large_image","twitter_misc":{"Tiempo de lectura":"1 minuto"},"schema":{"@context":"https:\/\/schema.org","@graph":[{"@type":"WebPage","@id":"https:\/\/goboxful.com\/guatemala\/contactanos\/","url":"https:\/\/goboxful.com\/guatemala\/contactanos\/","name":"Cont\u00e1ctanos - boxful Guatemala","isPartOf":{"@id":"https:\/\/goboxful.com\/guatemala\/#website"},"datePublished":"2025-04-30T20:20:46+00:00","dateModified":"2025-07-02T23:25:10+00:00","description":"Cont\u00e1ctanos. Completa el formulario, nuestro equipo est\u00e1 listo para atenderte. Reg\u00edstrate y comienza a transformar tu negocio con boxful.","breadcrumb":{"@id":"https:\/\/goboxful.com\/guatemala\/contactanos\/#breadcrumb"},"inLanguage":"es","potentialAction":[{"@type":"ReadAction","target":["https:\/\/goboxful.com\/guatemala\/contactanos\/"]}]},{"@type":"BreadcrumbList","@id":"https:\/\/goboxful.com\/guatemala\/contactanos\/#breadcrumb","itemListElement":[{"@type":"ListItem","position":1,"name":"Portada","item":"https:\/\/goboxful.com\/guatemala\/"},{"@type":"ListItem","position":2,"name":"Cont\u00e1ctanos"}]},{"@type":"WebSite","@id":"https:\/\/goboxful.com\/guatemala\/#website","url":"https:\/\/goboxful.com\/guatemala\/","name":"boxful Guatemala","description":"Hacemos el  e-commerce accesible para todos","potentialAction":[{"@type":"SearchAction","target":{"@type":"EntryPoint","urlTemplate":"https:\/\/goboxful.com\/guatemala\/?s={search_term_string}"},"query-input":{"@type":"PropertyValueSpecification","valueRequired":true,"valueName":"search_term_string"}}],"inLanguage":"es"}]}},"_links":{"self":[{"href":"https:\/\/goboxful.com\/guatemala\/wp-json\/wp\/v2\/pages\/1240","targetHints":{"allow":["GET"]}}],"collection":[{"href":"https:\/\/goboxful.com\/guatemala\/wp-json\/wp\/v2\/pages"}],"about":[{"href":"https:\/\/goboxful.com\/guatemala\/wp-json\/wp\/v2\/types\/page"}],"author":[{"embeddable":true,"href":"https:\/\/goboxful.com\/guatemala\/wp-json\/wp\/v2\/users\/2"}],"replies":[{"embeddable":true,"href":"https:\/\/goboxful.com\/guatemala\/wp-json\/wp\/v2\/comments?post=1240"}],"version-history":[{"count":10,"href":"https:\/\/goboxful.com\/guatemala\/wp-json\/wp\/v2\/pages\/1240\/revisions"}],"predecessor-version":[{"id":2594,"href":"https:\/\/goboxful.com\/guatemala\/wp-json\/wp\/v2\/pages\/1240\/revisions\/2594"}],"wp:attachment":[{"href":"https:\/\/goboxful.com\/guatemala\/wp-json\/wp\/v2\/media?parent=1240"}],"wp:term":[{"taxonomy":"difl_page_category","embeddable":true,"href":"https:\/\/goboxful.com\/guatemala\/wp-json\/wp\/v2\/difl_page_category?post=1240"}],"curies":[{"name":"wp","href":"https:\/\/api.w.org\/{rel}","templated":true}]}}