{"id":2174,"date":"2025-05-24T10:18:31","date_gmt":"2025-05-24T16:18:31","guid":{"rendered":"https:\/\/goboxful.com\/el-salvador\/?page_id=2174"},"modified":"2025-06-30T21:02:37","modified_gmt":"2025-07-01T03:02:37","slug":"novedades","status":"publish","type":"page","link":"https:\/\/goboxful.com\/honduras\/novedades\/","title":{"rendered":"Novedades"},"content":{"rendered":"<p>[et_pb_section fb_built=\u00bb1&#8243; _builder_version=\u00bb4.27.3&#8243; _module_preset=\u00bbdefault\u00bb use_background_color_gradient=\u00bbon\u00bb background_color_gradient_stops=\u00bb#ffffff 0%|#fff7ea 60%\u00bb locked=\u00bboff\u00bb global_colors_info=\u00bb{}\u00bb][et_pb_row module_class=\u00bbdejar-espacio-para-el-menu\u00bb _builder_version=\u00bb4.27.3&#8243; _module_preset=\u00bbdefault\u00bb max_width=\u00bb80%\u00bb global_colors_info=\u00bb{}\u00bb][et_pb_column type=\u00bb4_4&#8243; _builder_version=\u00bb4.27.3&#8243; _module_preset=\u00bbdefault\u00bb global_colors_info=\u00bb{}\u00bb][et_pb_heading title=\u00bbLo \u00faltimo sobre boxful\u00bb _builder_version=\u00bb4.27.3&#8243; _module_preset=\u00bbdefault\u00bb title_font=\u00bb|700|||||||\u00bb title_text_align=\u00bbcenter\u00bb global_colors_info=\u00bb{}\u00bb][\/et_pb_heading][et_pb_text _builder_version=\u00bb4.27.3&#8243; _module_preset=\u00bbdefault\u00bb text_font=\u00bb&#8211;et_global_body_font|500|||||||\u00bb text_text_color=\u00bbgcid-heading-color\u00bb text_orientation=\u00bbcenter\u00bb global_colors_info=\u00bb{%22gcid-heading-color%22:%91%22text_text_color%22%93}\u00bb]<\/p>\n<p>Conoce las \u00faltimas noticias sobre nosotros,\u00a0dale tap\u00a0a los art\u00edculos para conocer m\u00e1s.<\/p>\n<p>[\/et_pb_text][\/et_pb_column][\/et_pb_row][et_pb_row _builder_version=\u00bb4.27.3&#8243; _module_preset=\u00bbdefault\u00bb width=\u00bb100%\u00bb max_width=\u00bb100%\u00bb max_width_tablet=\u00bb100%\u00bb max_width_last_edited=\u00bboff|phone\u00bb custom_margin=\u00bb||3vw||false|false\u00bb custom_margin_tablet=\u00bb||30px||false|false\u00bb custom_margin_phone=\u00bb||30px||false|false\u00bb custom_margin_last_edited=\u00bbon|tablet\u00bb global_colors_info=\u00bb{}\u00bb][et_pb_column type=\u00bb4_4&#8243; _builder_version=\u00bb4.27.3&#8243; _module_preset=\u00bbdefault\u00bb global_colors_info=\u00bb{}\u00bb][difl_contentcarousel loop=\u00bbon\u00bb autoplay=\u00bbon\u00bb autospeed=\u00bb3000&#8243; equal_height=\u00bbon\u00bb button_padding=\u00bb|0px|0px|0px|false|true\u00bb wrapper_padding=\u00bb|13vw||13vw|false|true\u00bb item_wrapper_padding=\u00bb1.4vw|1.4vw|1.4vw|1.4vw|true|true\u00bb item_wrapper_padding_tablet=\u00bb15px|15px|15px|15px|true|true\u00bb item_wrapper_padding_phone=\u00bb15px|15px|15px|15px|true|true\u00bb item_wrapper_padding_last_edited=\u00bbon|desktop\u00bb _builder_version=\u00bb4.27.4&#8243; _module_preset=\u00bbdefault\u00bb cc_title_font=\u00bb|700|||||||\u00bb cc_title_font_size=\u00bb1.5vw\u00bb button_font=\u00bb|600|||||||\u00bb background_color=\u00bb#FFFFFF\u00bb cc_title_font_size_tablet=\u00bb20px\u00bb cc_title_font_size_phone=\u00bb18px\u00bb cc_title_font_size_last_edited=\u00bbon|desktop\u00bb custom_css_free_form=\u00bbselector .df_cci_container{||  justify-content: space-between;||}\u00bb border_radii=\u00bbon|15px|15px|15px|15px\u00bb border_width_all=\u00bb1px\u00bb border_color_all=\u00bb#dddddd\u00bb border_width_bottom_button=\u00bb1px\u00bb global_colors_info=\u00bb{}\u00bb][difl_contentcarouselitem title=\u00bbConoce este \u201cecosistema de soluciones\u201d del comercio electr\u00f3nico para la regi\u00f3n\u00bb df_cci_image=\u00bbhttps:\/\/goboxful.com\/wp-content\/uploads\/sites\/4\/2025\/05\/2644.webp\u00bb cc_button_button_text=\u00bbLEER M\u00c1S\u00bb cc_button_button_url=\u00bbhttps:\/\/forbescentroamerica.com\/2025\/05\/05\/conoce-este-ecosistema-de-soluciones-del-comercio-electronico-para-la-region\u00bb cc_button_button_url_new_window=\u00bbon\u00bb _builder_version=\u00bb4.27.3&#8243; _module_preset=\u00bbdefault\u00bb border_radii_image_wrapper_border=\u00bbon|15px|15px|15px|15px\u00bb global_colors_info=\u00bb{}\u00bb][\/difl_contentcarouselitem][difl_contentcarouselitem title=\u00bbInnovaci\u00f3n en log\u00edstica: Boxful avanza con inversi\u00f3n clave en el mercado centroamericano\u00bb df_cci_image=\u00bbhttps:\/\/goboxful.com\/wp-content\/uploads\/sites\/4\/2025\/05\/Locker.webp\u00bb cc_button_button_text=\u00bbLEER M\u00c1S\u00bb cc_button_button_url=\u00bbhttps:\/\/www.myt.connectab2b.com\/post\/innovaci\u00f3n-en-log\u00edstica-boxful-avanza-con-inversi\u00f3n-clave-en-el-mercado-centroamericano\u00bb cc_button_button_url_new_window=\u00bbon\u00bb _builder_version=\u00bb4.27.3&#8243; _module_preset=\u00bbdefault\u00bb border_radii_image_wrapper_border=\u00bbon|15px|15px|15px|15px\u00bb global_colors_info=\u00bb{}\u00bb][\/difl_contentcarouselitem][difl_contentcarouselitem title=\u00bbboxful cierra una ronda presemilla de $1.9M para transformar la log\u00edstica de comercio electr\u00f3nico en Centroam\u00e9rica\u00bb df_cci_image=\u00bbhttps:\/\/goboxful.com\/wp-content\/uploads\/sites\/4\/2025\/05\/2643.webp\u00bb cc_button_button_text=\u00bbLEER M\u00c1S\u00bb cc_button_button_url=\u00bbhttps:\/\/www.startuplinks.world\/noticias\/boxful-cierra-una-ronda-presemilla-de-1-9m-para-transformar-la-logistica-de-comercio-electronico-en-centroamerica\u00bb cc_button_button_url_new_window=\u00bbon\u00bb _builder_version=\u00bb4.27.3&#8243; _module_preset=\u00bbdefault\u00bb border_radii_image_wrapper_border=\u00bbon|15px|15px|15px|15px\u00bb global_colors_info=\u00bb{}\u00bb][\/difl_contentcarouselitem][difl_contentcarouselitem title=\u00bbLa empresa emergente salvadore\u00f1a boxful logra $1.9 millones de inversi\u00f3n\u00bb df_cci_image=\u00bbhttps:\/\/goboxful.com\/wp-content\/uploads\/sites\/4\/2025\/05\/2647.webp\u00bb cc_button_button_text=\u00bbLEER M\u00c1S\u00bb cc_button_button_url=\u00bbhttps:\/\/diario.elmundo.sv\/economia\/la-empresa-emergente-salvadorena-boxful-logra-19-millones-de-inversion\u00bb cc_button_button_url_new_window=\u00bbon\u00bb _builder_version=\u00bb4.27.3&#8243; _module_preset=\u00bbdefault\u00bb border_radii_image_wrapper_border=\u00bbon|15px|15px|15px|15px\u00bb global_colors_info=\u00bb{}\u00bb][\/difl_contentcarouselitem][\/difl_contentcarousel][\/et_pb_column][\/et_pb_row][\/et_pb_section][et_pb_section fb_built=\u00bb1&#8243; _builder_version=\u00bb4.27.4&#8243; _module_preset=\u00bbdefault\u00bb custom_padding=\u00bb0px||0px||true|false\u00bb global_colors_info=\u00bb{}\u00bb][et_pb_row _builder_version=\u00bb4.27.4&#8243; _module_preset=\u00bbdefault\u00bb width=\u00bb100%\u00bb max_width=\u00bb100%\u00bb custom_padding=\u00bb0px||0px||true|false\u00bb global_colors_info=\u00bb{}\u00bb][et_pb_column type=\u00bb4_4&#8243; _builder_version=\u00bb4.27.4&#8243; _module_preset=\u00bbdefault\u00bb global_colors_info=\u00bb{}\u00bb][difl_lottieimage lottie_file_options=\u00bbmedia\u00bb upload=\u00bb\/el-salvador\/wp-content\/uploads\/sites\/3\/2025\/05\/Cinta-9.json\u00bb loop=\u00bbon\u00bb _builder_version=\u00bb4.27.4&#8243; _module_preset=\u00bbdefault\u00bb positioning=\u00bbabsolute\u00bb position_origin_a=\u00bbcenter_center\u00bb width=\u00bb100%\u00bb global_colors_info=\u00bb{}\u00bb][\/difl_lottieimage][\/et_pb_column][\/et_pb_row][\/et_pb_section][et_pb_section fb_built=\u00bb1&#8243; _builder_version=\u00bb4.27.3&#8243; _module_preset=\u00bbdefault\u00bb background_color=\u00bbRGBA(255,255,255,0)\u00bb locked=\u00bboff\u00bb global_colors_info=\u00bb{}\u00bb][et_pb_row _builder_version=\u00bb4.27.3&#8243; _module_preset=\u00bbdefault\u00bb max_width=\u00bb80%\u00bb custom_margin=\u00bb3vw||||false|false\u00bb custom_margin_tablet=\u00bb30px||||false|false\u00bb custom_margin_phone=\u00bb30px||||false|false\u00bb custom_margin_last_edited=\u00bbon|tablet\u00bb global_colors_info=\u00bb{}\u00bb][et_pb_column type=\u00bb4_4&#8243; _builder_version=\u00bb4.27.3&#8243; _module_preset=\u00bbdefault\u00bb global_colors_info=\u00bb{}\u00bb][et_pb_heading title=\u00bbOtras noticias\u00bb _builder_version=\u00bb4.27.3&#8243; _module_preset=\u00bbdefault\u00bb title_level=\u00bbh2&#8243; title_font=\u00bb|700|||||||\u00bb title_text_align=\u00bbcenter\u00bb global_colors_info=\u00bb{}\u00bb][\/et_pb_heading][\/et_pb_column][\/et_pb_row][et_pb_row column_structure=\u00bb1_2,1_2&#8243; _builder_version=\u00bb4.27.3&#8243; _module_preset=\u00bbdefault\u00bb max_width=\u00bb80%\u00bb global_colors_info=\u00bb{}\u00bb][et_pb_column type=\u00bb1_2&#8243; _builder_version=\u00bb4.27.3&#8243; _module_preset=\u00bbdefault\u00bb global_colors_info=\u00bb{}\u00bb][et_pb_image src=\u00bbhttps:\/\/goboxful.com\/wp-content\/uploads\/sites\/4\/2025\/05\/2646.webp\u00bb title_text=\u00bb2646&#8243; _builder_version=\u00bb4.27.3&#8243; _module_preset=\u00bbdefault\u00bb border_radii=\u00bbon|7px|7px|7px|7px\u00bb global_colors_info=\u00bb{}\u00bb][\/et_pb_image][et_pb_text _builder_version=\u00bb4.27.3&#8243; _module_preset=\u00bbdefault\u00bb global_colors_info=\u00bb{}\u00bb]<\/p>\n<p>Publicado 19 febrero 2025<\/p>\n<p>[\/et_pb_text][et_pb_heading title=\u00bbBoxful recauda 1.9 millones de d\u00f3lares para impulsar la log\u00edstica del comercio electr\u00f3nico y expandirse en Centroam\u00e9rica\u00bb _builder_version=\u00bb4.27.3&#8243; _module_preset=\u00bbdefault\u00bb title_level=\u00bbh5&#8243; title_font=\u00bb|700|||||||\u00bb global_colors_info=\u00bb{}\u00bb][\/et_pb_heading][et_pb_text _builder_version=\u00bb4.27.3&#8243; _module_preset=\u00bbdefault\u00bb global_colors_info=\u00bb{}\u00bb]With sustained growth, Boxful continues to seek new strategic partners and talent.[\/et_pb_text][et_pb_button button_url=\u00bbhttps:\/\/www.latamrepublic.com\/boxful-raises-1-9m-to-boost-e-commerce-logistics-and-expand-in-central-america\/\u00bb url_new_window=\u00bbon\u00bb button_text=\u00bbLEER M\u00c1S\u00bb module_class=\u00bbbtn-new\u00bb _builder_version=\u00bb4.27.3&#8243; _module_preset=\u00bbdefault\u00bb custom_button=\u00bbon\u00bb button_text_size=\u00bb1.05vw\u00bb button_border_width=\u00bb1px\u00bb button_border_color=\u00bbgcid-heading-color\u00bb button_border_radius=\u00bb0px\u00bb button_font=\u00bb|600|||||||\u00bb button_icon=\u00bb&#x26;||divi||400&#8243; button_on_hover=\u00bboff\u00bb custom_padding=\u00bb0px|0px|0px|0px|true|true\u00bb button_text_size_tablet=\u00bb18px\u00bb button_text_size_phone=\u00bb16px\u00bb button_text_size_last_edited=\u00bbon|desktop\u00bb global_colors_info=\u00bb{%22gcid-heading-color%22:%91%22button_border_color%22%93}\u00bb][\/et_pb_button][\/et_pb_column][et_pb_column type=\u00bb1_2&#8243; _builder_version=\u00bb4.27.3&#8243; _module_preset=\u00bbdefault\u00bb global_colors_info=\u00bb{}\u00bb][et_pb_image src=\u00bbhttps:\/\/goboxful.com\/wp-content\/uploads\/sites\/4\/2025\/05\/2645.webp\u00bb title_text=\u00bb2645&#8243; _builder_version=\u00bb4.27.3&#8243; _module_preset=\u00bbdefault\u00bb border_radii=\u00bbon|7px|7px|7px|7px\u00bb global_colors_info=\u00bb{}\u00bb][\/et_pb_image][et_pb_text _builder_version=\u00bb4.27.3&#8243; _module_preset=\u00bbdefault\u00bb global_colors_info=\u00bb{}\u00bb]<\/p>\n<p>Publicado 19 febrero 2025<\/p>\n<p>[\/et_pb_text][et_pb_heading title=\u00bb$1.9M para Transformar la Log\u00edstica: El Camino de BoxFul en Centroam\u00e9rica \u201cMedios Modernos\u201d\u00bb _builder_version=\u00bb4.27.3&#8243; _module_preset=\u00bbdefault\u00bb title_level=\u00bbh5&#8243; title_font=\u00bb|700|||||||\u00bb global_colors_info=\u00bb{}\u00bb][\/et_pb_heading][et_pb_text _builder_version=\u00bb4.27.3&#8243; _module_preset=\u00bbdefault\u00bb global_colors_info=\u00bb{}\u00bb]En este episodio de Fundamentos, Rodil Rivera conversa con Salvador Ram\u00edrez, emprendedor en serie y CEO de BoxFul, la startup que est\u00e1 revolucionando la log\u00edstica y el e-commerce en la regi\u00f3n. [\/et_pb_text][et_pb_button button_url=\u00bbhttps:\/\/www.youtube.com\/watch?v=PCynqrIcKNw\u00bb url_new_window=\u00bbon\u00bb button_text=\u00bbLEER M\u00c1S\u00bb module_class=\u00bbbtn-new\u00bb _builder_version=\u00bb4.27.3&#8243; _module_preset=\u00bbdefault\u00bb custom_button=\u00bbon\u00bb button_text_size=\u00bb1.05vw\u00bb button_border_width=\u00bb1px\u00bb button_border_color=\u00bbgcid-heading-color\u00bb button_border_radius=\u00bb0px\u00bb button_font=\u00bb|600|||||||\u00bb button_icon=\u00bb&#x26;||divi||400&#8243; button_on_hover=\u00bboff\u00bb custom_padding=\u00bb0px|0px|0px|0px|true|true\u00bb button_text_size_tablet=\u00bb18px\u00bb button_text_size_phone=\u00bb16px\u00bb button_text_size_last_edited=\u00bbon|desktop\u00bb global_colors_info=\u00bb{%22gcid-heading-color%22:%91%22button_border_color%22%93}\u00bb][\/et_pb_button][\/et_pb_column][\/et_pb_row][\/et_pb_section]<\/p>\n","protected":false},"excerpt":{"rendered":"<p>Conoce las \u00faltimas noticias sobre nosotros,\u00a0dale tap\u00a0a los art\u00edculos para conocer m\u00e1s.<div class=\"et_pb_with_border et_pb_module difl_contentcarousel difl_contentcarousel_0\">\n\t\t\t\t\n\t\t\t\t\n\t\t\t\t\n\t\t\t\t\n\t\t\t\t\n\t\t\t\t\n\t\t\t\t<div class=\"et_pb_module_inner\">\n\t\t\t\t\t<h2 style=\"background:#eee; padding: 10px 20px;\">Please <strong>Add New Item<\/strong> to continue<\/h2>\n\t\t\t\t<\/div>\n\t\t\t<\/div><div class=\"et_pb_module difl_contentcarouselitem difl_contentcarouselitem_0 swiper-slide\">\n\t\t\t\t\n\t\t\t\t\n\t\t\t\t\n\t\t\t\t\n\t\t\t\t\n\t\t\t\t\n\t\t\t\t<div class=\"et_pb_module_inner\">\n\t\t\t\t\t\r\n            <div class=\"df_cci_container\" data-src=\"\u00bbhttps:\/\/goboxful.com\/wp-content\/uploads\/sites\/4\/2025\/05\/2644.webp\u00bb\" >\r\n                \r\n                <div class=\"df_cci_image_container\">\r\n                    <img decoding=\"async\" class=\"df_cci_image\" alt=\"\" src=\"\u00bbhttps:\/\/goboxful.com\/wp-content\/uploads\/sites\/4\/2025\/05\/2644.webp\u00bb\" \/>\r\n                <\/div><h4 class=\"df_cc_title\">\u00bbConoce<\/h4><div class=\"df_cci_button_wrapper\">\r\n                <a class=\"df_cci_button\" href=\"\u00bbhttps:\/\/forbescentroamerica.com\/2025\/05\/05\/conoce-este-ecosistema-de-soluciones-del-comercio-electronico-para-la-region\u00bb\" >\u00bbLEER<\/a>\r\n            <\/div>\r\n            <\/div>\n\t\t\t\t<\/div>\n\t\t\t<\/div><\/p>\n","protected":false},"author":2,"featured_media":0,"parent":0,"menu_order":0,"comment_status":"closed","ping_status":"closed","template":"","meta":{"_et_pb_use_builder":"on","_et_pb_old_content":"","_et_gb_content_width":"","footnotes":""},"difl_page_category":[],"class_list":["post-2174","page","type-page","status-publish","hentry"],"yoast_head":"<!-- This site is optimized with the Yoast SEO plugin v25.1 - https:\/\/yoast.com\/wordpress\/plugins\/seo\/ -->\n<title>Novedades - boxful Honduras<\/title>\n<meta name=\"description\" content=\"Lo \u00faltimo sobre boxful. Conoce las \u00faltimas noticias sobre nosotros, dale tap a los art\u00edculos para conocer m\u00e1s.\" \/>\n<meta name=\"robots\" content=\"index, follow, max-snippet:-1, max-image-preview:large, max-video-preview:-1\" \/>\n<link rel=\"canonical\" href=\"https:\/\/goboxful.com\/honduras\/novedades\/\" \/>\n<meta property=\"og:locale\" content=\"es_ES\" \/>\n<meta property=\"og:type\" content=\"article\" \/>\n<meta property=\"og:title\" content=\"Novedades - boxful Honduras\" \/>\n<meta property=\"og:description\" content=\"Lo \u00faltimo sobre boxful. Conoce las \u00faltimas noticias sobre nosotros, dale tap a los art\u00edculos para conocer m\u00e1s.\" \/>\n<meta property=\"og:url\" content=\"https:\/\/goboxful.com\/honduras\/novedades\/\" \/>\n<meta property=\"og:site_name\" content=\"boxful Honduras\" \/>\n<meta property=\"article:modified_time\" content=\"2025-07-01T03:02:37+00:00\" \/>\n<meta property=\"og:image\" content=\"https:\/\/goboxful.com\/honduras\/wp-content\/uploads\/sites\/4\/2025\/07\/Opengraph-Boxful-2025-2-1.jpg\" \/>\n\t<meta property=\"og:image:width\" content=\"1920\" \/>\n\t<meta property=\"og:image:height\" content=\"1008\" \/>\n\t<meta property=\"og:image:type\" content=\"image\/jpeg\" \/>\n<meta name=\"twitter:card\" content=\"summary_large_image\" \/>\n<meta name=\"twitter:label1\" content=\"Tiempo de lectura\" \/>\n\t<meta name=\"twitter:data1\" content=\"2 minutos\" \/>\n<script type=\"application\/ld+json\" class=\"yoast-schema-graph\">{\"@context\":\"https:\/\/schema.org\",\"@graph\":[{\"@type\":\"WebPage\",\"@id\":\"https:\/\/goboxful.com\/honduras\/novedades\/\",\"url\":\"https:\/\/goboxful.com\/honduras\/novedades\/\",\"name\":\"Novedades - boxful Honduras\",\"isPartOf\":{\"@id\":\"https:\/\/goboxful.com\/honduras\/#website\"},\"datePublished\":\"2025-05-24T16:18:31+00:00\",\"dateModified\":\"2025-07-01T03:02:37+00:00\",\"description\":\"Lo \u00faltimo sobre boxful. Conoce las \u00faltimas noticias sobre nosotros, dale tap a los art\u00edculos para conocer m\u00e1s.\",\"breadcrumb\":{\"@id\":\"https:\/\/goboxful.com\/honduras\/novedades\/#breadcrumb\"},\"inLanguage\":\"es\",\"potentialAction\":[{\"@type\":\"ReadAction\",\"target\":[\"https:\/\/goboxful.com\/honduras\/novedades\/\"]}]},{\"@type\":\"BreadcrumbList\",\"@id\":\"https:\/\/goboxful.com\/honduras\/novedades\/#breadcrumb\",\"itemListElement\":[{\"@type\":\"ListItem\",\"position\":1,\"name\":\"Portada\",\"item\":\"https:\/\/goboxful.com\/honduras\/\"},{\"@type\":\"ListItem\",\"position\":2,\"name\":\"Novedades\"}]},{\"@type\":\"WebSite\",\"@id\":\"https:\/\/goboxful.com\/honduras\/#website\",\"url\":\"https:\/\/goboxful.com\/honduras\/\",\"name\":\"boxful Honduras\",\"description\":\"Hacemos el  e-commerce accesible para todos\",\"potentialAction\":[{\"@type\":\"SearchAction\",\"target\":{\"@type\":\"EntryPoint\",\"urlTemplate\":\"https:\/\/goboxful.com\/honduras\/?s={search_term_string}\"},\"query-input\":{\"@type\":\"PropertyValueSpecification\",\"valueRequired\":true,\"valueName\":\"search_term_string\"}}],\"inLanguage\":\"es\"}]}<\/script>\n<!-- \/ Yoast SEO plugin. -->","yoast_head_json":{"title":"Novedades - boxful Honduras","description":"Lo \u00faltimo sobre boxful. Conoce las \u00faltimas noticias sobre nosotros, dale tap a los art\u00edculos para conocer m\u00e1s.","robots":{"index":"index","follow":"follow","max-snippet":"max-snippet:-1","max-image-preview":"max-image-preview:large","max-video-preview":"max-video-preview:-1"},"canonical":"https:\/\/goboxful.com\/honduras\/novedades\/","og_locale":"es_ES","og_type":"article","og_title":"Novedades - boxful Honduras","og_description":"Lo \u00faltimo sobre boxful. Conoce las \u00faltimas noticias sobre nosotros, dale tap a los art\u00edculos para conocer m\u00e1s.","og_url":"https:\/\/goboxful.com\/honduras\/novedades\/","og_site_name":"boxful Honduras","article_modified_time":"2025-07-01T03:02:37+00:00","og_image":[{"width":1920,"height":1008,"url":"https:\/\/goboxful.com\/honduras\/wp-content\/uploads\/sites\/4\/2025\/07\/Opengraph-Boxful-2025-2-1.jpg","type":"image\/jpeg"}],"twitter_card":"summary_large_image","twitter_misc":{"Tiempo de lectura":"2 minutos"},"schema":{"@context":"https:\/\/schema.org","@graph":[{"@type":"WebPage","@id":"https:\/\/goboxful.com\/honduras\/novedades\/","url":"https:\/\/goboxful.com\/honduras\/novedades\/","name":"Novedades - boxful Honduras","isPartOf":{"@id":"https:\/\/goboxful.com\/honduras\/#website"},"datePublished":"2025-05-24T16:18:31+00:00","dateModified":"2025-07-01T03:02:37+00:00","description":"Lo \u00faltimo sobre boxful. Conoce las \u00faltimas noticias sobre nosotros, dale tap a los art\u00edculos para conocer m\u00e1s.","breadcrumb":{"@id":"https:\/\/goboxful.com\/honduras\/novedades\/#breadcrumb"},"inLanguage":"es","potentialAction":[{"@type":"ReadAction","target":["https:\/\/goboxful.com\/honduras\/novedades\/"]}]},{"@type":"BreadcrumbList","@id":"https:\/\/goboxful.com\/honduras\/novedades\/#breadcrumb","itemListElement":[{"@type":"ListItem","position":1,"name":"Portada","item":"https:\/\/goboxful.com\/honduras\/"},{"@type":"ListItem","position":2,"name":"Novedades"}]},{"@type":"WebSite","@id":"https:\/\/goboxful.com\/honduras\/#website","url":"https:\/\/goboxful.com\/honduras\/","name":"boxful Honduras","description":"Hacemos el  e-commerce accesible para todos","potentialAction":[{"@type":"SearchAction","target":{"@type":"EntryPoint","urlTemplate":"https:\/\/goboxful.com\/honduras\/?s={search_term_string}"},"query-input":{"@type":"PropertyValueSpecification","valueRequired":true,"valueName":"search_term_string"}}],"inLanguage":"es"}]}},"_links":{"self":[{"href":"https:\/\/goboxful.com\/honduras\/wp-json\/wp\/v2\/pages\/2174","targetHints":{"allow":["GET"]}}],"collection":[{"href":"https:\/\/goboxful.com\/honduras\/wp-json\/wp\/v2\/pages"}],"about":[{"href":"https:\/\/goboxful.com\/honduras\/wp-json\/wp\/v2\/types\/page"}],"author":[{"embeddable":true,"href":"https:\/\/goboxful.com\/honduras\/wp-json\/wp\/v2\/users\/2"}],"replies":[{"embeddable":true,"href":"https:\/\/goboxful.com\/honduras\/wp-json\/wp\/v2\/comments?post=2174"}],"version-history":[{"count":6,"href":"https:\/\/goboxful.com\/honduras\/wp-json\/wp\/v2\/pages\/2174\/revisions"}],"predecessor-version":[{"id":2576,"href":"https:\/\/goboxful.com\/honduras\/wp-json\/wp\/v2\/pages\/2174\/revisions\/2576"}],"wp:attachment":[{"href":"https:\/\/goboxful.com\/honduras\/wp-json\/wp\/v2\/media?parent=2174"}],"wp:term":[{"taxonomy":"difl_page_category","embeddable":true,"href":"https:\/\/goboxful.com\/honduras\/wp-json\/wp\/v2\/difl_page_category?post=2174"}],"curies":[{"name":"wp","href":"https:\/\/api.w.org\/{rel}","templated":true}]}}